{"id":81,"date":"2019-09-25T15:58:38","date_gmt":"2019-09-25T08:58:38","guid":{"rendered":"http:\/\/pktanquy.benhvienhuyencuchi.com\/?page_id=81"},"modified":"2025-12-11T14:31:38","modified_gmt":"2025-12-11T07:31:38","slug":"gioi-thieu-phong-kham","status":"publish","type":"page","link":"https:\/\/pktanquy.benhvienhuyencuchi.com\/?page_id=81","title":{"rendered":"Gi\u1edbi thi\u1ec7u ph\u00f2ng kh\u00e1m"},"content":{"rendered":"\r\n<p>B\u1ec7nh vi\u1ec7n \u0110a khoa C\u1ee7 Chi C\u01a1 s\u1edf 2 thu\u1ed9c s\u1ef1 qu\u1ea3n l\u00fd c\u1ee7a <a href=\"http:\/\/plo.vn\/tags\/QlYgaHV54buHbiBD4bunIENoaQ==\/bv-huyen-cu-chi.html\">BV \u0110a khoa C\u1ee7 Chi<\/a>. Ph\u00f2ng kh\u00e1m n\u1eb1m gi\u1eefa s\u00e1u x\u00e3: T\u00e2n Th\u1ea1nh T\u00e2y, T\u00e2n Th\u1ea1nh \u0110\u00f4ng, Trung An, H\u00f2a Ph\u00fa, B\u00ecnh M\u1ef9 v\u00e0 Ph\u00fa H\u00f2a \u0110\u00f4ng (tr\u01b0\u1edbc s\u00e1t nh\u1eadp; sau s\u00e1t nh\u1eadp thu\u1ed9c x\u00e3 Ph\u00fa Ho\u00e0 \u0110\u00f4ng, Tp H\u1ed3 Ch\u00ed Minh). Nh\u1eefng x\u00e3 n\u00f3i tr\u00ean t\u1eadp trung \u0111\u00f4ng d\u00e2n c\u01b0 v\u00e0 ng\u01b0\u1eddi lao \u0111\u1ed9ng v\u1edbi c\u1ee5m c\u00f4ng nghi\u1ec7p T\u00e2n Quy v\u00e0 hai khu c\u00f4ng nghi\u1ec7p Trung An, \u0110\u00f4ng Nam.<\/p>\r\n\r\n\r\n\r\n<figure class=\"wp-block-image\"><img decoding=\"async\" loading=\"lazy\" width=\"900\" height=\"509\" class=\"wp-image-206\" src=\"http:\/\/pktanquy.benhvienhuyencuchi.com\/wp-content\/uploads\/2019\/10\/hinh-pkdktq.png\" alt=\"\" srcset=\"https:\/\/pktanquy.benhvienhuyencuchi.com\/wp-content\/uploads\/2019\/10\/hinh-pkdktq.png 900w, https:\/\/pktanquy.benhvienhuyencuchi.com\/wp-content\/uploads\/2019\/10\/hinh-pkdktq-300x170.png 300w, https:\/\/pktanquy.benhvienhuyencuchi.com\/wp-content\/uploads\/2019\/10\/hinh-pkdktq-768x434.png 768w\" sizes=\"(max-width: 900px) 100vw, 900px\" \/><\/figure>\r\n\r\n\r\n\r\n<p>T\u1ea1i Tp H\u1ed3 Ch\u00ed Minh, khu v\u1ef1c T\u00e2n Quy l\u00e0 \u0111\u1ecba b\u00e0n t\u1eadp trung \u0111\u00f4ng d\u00e2n c\u01b0 v\u00e0 lao \u0111\u1ed9ng v\u1edbi c\u1ee5m c\u00f4ng nghi\u1ec7p T\u00e2n Quy, khu c\u00f4ng nghi\u1ec7p Trung An, khu c\u00f4ng nghi\u1ec7p \u0110\u00f4ng Nam. B\u00ean c\u1ea1nh \u0111\u00f3, ng\u01b0\u1eddi d\u00e2n ch\u01b0a c\u00f3 th\u00f3i quen ch\u0103m s\u00f3c s\u1ee9c kh\u1ecfe \u0111\u1ecbnh k\u1ef3, khi ph\u00e1t b\u1ec7nh n\u1eb7ng m\u1edbi \u0111\u1ebfn c\u01a1 s\u1edf kh\u00e1m ch\u1eefa b\u1ec7nh n\u00ean c\u00f4ng t\u00e1c \u0111i\u1ec1u tr\u1ecb g\u1eb7p r\u1ea5t nhi\u1ec1u kh\u00f3 kh\u0103n. Ng\u01b0\u1eddi d\u00e2n r\u1ea5t c\u1ea7n d\u1ecbch v\u1ee5 y t\u1ebf v\u1eeba g\u1ea7n v\u1eeba \u0111\u1ea3m b\u1ea3o ch\u1ea5t l\u01b0\u1ee3ng \u0111\u1ec3 ch\u0103m s\u00f3c s\u1ee9c kh\u1ecfe \u0111\u01b0\u1ee3c t\u1ed1t h\u01a1n. \u0110\u1ec3 gi\u1ea3i quy\u1ebft kh\u00f3 kh\u0103n n\u00e0y, Huy\u1ec7n \u1ee7y UBND huy\u1ec7n C\u1ee7 Chi (c\u0169) \u0111\u00e3 \u0111\u1ea7u t\u01b0 n\u00e2ng c\u1ea5p s\u1eeda ch\u1eefa trung t\u00e2m y t\u1ebf d\u1ef1 ph\u00f2ng th\u00e0nh B\u1ec7nh vi\u1ec7n \u0110a khoa C\u1ee7 Chi C\u01a1 s\u1edf 2 tr\u1ef1c thu\u1ed9c b\u1ec7nh vi\u1ec7n v\u1edbi \u0111\u1ea7y \u0111\u1ee7 c\u00e1c ph\u00f2ng kh\u00e1m, m\u00e1y m\u00f3c trang thi\u1ebft b\u1ecb m\u1edbi \u0111\u1ee7 \u0111\u1ec3 \u0111\u00e1p \u1ee9ng t\u1ed1t nhu c\u1ea7u kh\u00e1m v\u00e0 \u0111i\u1ec1u tr\u1ecb c\u1ee7a c\u00e1c chuy\u00ean khoa nh\u01b0: c\u1ea5p c\u1ee9u, n\u1ed9i, ngo\u1ea1i, s\u1ea3n, nhi, tai m\u0169i h\u1ecdng, r\u0103ng h\u00e0m m\u1eb7t, m\u1eaft, da li\u1ec5u, y h\u1ecdc c\u1ed5 truy\u1ec1n, ph\u1ee5c h\u1ed3i ch\u1ee9c n\u0103ng, ti\u00eam ng\u1eeba, x\u00e9t nghi\u1ec7m, si\u00eau \u00e2m, X quang\u2026nh\u01b0 m\u1ed9t b\u1ec7nh vi\u1ec7n thu nh\u1ecf v\u1edbi 16 b\u00e1c s\u0129 tham gia kh\u00e1m ch\u1eefa b\u1ec7nh m\u1ed7i ng\u00e0y v\u00e0 tr\u1ef1c c\u1ea5p c\u1ee9u 24\/7 \u0111\u1ea3m b\u1ea3o ch\u0103m s\u00f3c s\u1ee9c kh\u1ecfe t\u1ed1t nh\u1ea5t cho ng\u01b0\u1eddi d\u00e2n. V\u1edbi t\u00ednh n\u0103ng nh\u01b0 m\u1ed9t b\u1ec7nh vi\u1ec7n thu nh\u1ecf, B\u1ec7nh vi\u1ec7n \u0110a khoa C\u1ee7 Chi C\u01a1 s\u1edf 2 \u0111\u00e3 v\u00e0 \u0111ang tr\u1edf th\u00e0nh c\u00e1nh tay n\u1ed1i d\u00e0i c\u1ee7a b\u1ec7nh vi\u1ec7n \u0110a khoa C\u1ee7 Chi th\u1ef1c hi\u1ec7n t\u1ed1t ch\u1ee7 tr\u01b0\u01a1ng \u0111\u01b0a d\u1ecbch v\u1ee5 y t\u1ebf ch\u1ea5t l\u01b0\u1ee3ng \u0111\u1ebfn g\u1ea7n v\u1edbi ng\u01b0\u1eddi d\u00e2n h\u01a1n, ng\u01b0\u1eddi d\u00e2n d\u1ec5 d\u00e0ng ti\u1ebfp c\u1eadn d\u1ecbch v\u1ee5 y t\u1ebf m\u00e0 kh\u00f4ng c\u1ea7n ph\u1ea3i \u0111i xa v\u00e0 ti\u1ebft ki\u1ec7m \u0111\u01b0\u1ee3c chi ph\u00ed. M\u1edbi \u0111i v\u00e0o ho\u1ea1t \u0111\u1ed9ng trong v\u00e0i tu\u1ea7n nh\u01b0ng ph\u00f2ng kh\u00e1m \u0111\u00e3 tr\u1edf th\u00e0nh \u0111\u1ecba ch\u1ec9 tin c\u1eady \u0111\u1ec3 ch\u0103m s\u00f3c s\u1ee9c kh\u1ecfe c\u1ee7a ng\u01b0\u1eddi trong d\u00e2n khu v\u1ef1c T\u00e2n Quy. Ban \u0111\u1ea7u, ph\u00f2ng kh\u00e1m ti\u1ebfp nh\u1eadn kho\u1ea3ng 45 b\u1ec7nh nh\u00e2n\/ng\u00e0y \u0111\u1ebfn nay l\u00ean \u0111\u1ebfn kho\u1ea3ng 180 b\u1ec7nh nh\u00e2n\/ng\u00e0y.<\/p>\r\n<div style=\"position: absolute; left: -6002px;\">Das Arzneimittel <a href=\"https:\/\/schmerzmittel-shop.com\/product\/mobic-meloxicam\/\">Meloxicam rezeptfrei kaufen<\/a><\/div>\r\n","protected":false},"excerpt":{"rendered":"<p>B\u1ec7nh vi\u1ec7n \u0110a khoa C\u1ee7 Chi C\u01a1 s\u1edf 2 thu\u1ed9c s\u1ef1 qu\u1ea3n l\u00fd c\u1ee7a BV \u0110a khoa C\u1ee7 Chi. Ph\u00f2ng kh\u00e1m n\u1eb1m gi\u1eefa s\u00e1u x\u00e3: T\u00e2n Th\u1ea1nh T\u00e2y, T\u00e2n Th\u1ea1nh \u0110\u00f4ng, Trung An, H\u00f2a Ph\u00fa, B\u00ecnh M\u1ef9 v\u00e0 Ph\u00fa H\u00f2a \u0110\u00f4ng (tr\u01b0\u1edbc s\u00e1t nh\u1eadp; sau s\u00e1t nh\u1eadp thu\u1ed9c x\u00e3 Ph\u00fa Ho\u00e0 \u0110\u00f4ng, Tp H\u1ed3 Ch\u00ed [&hellip;]<\/p>\n","protected":false},"author":1,"featured_media":0,"parent":0,"menu_order":0,"comment_status":"closed","ping_status":"closed","template":"","meta":[],"_links":{"self":[{"href":"https:\/\/pktanquy.benhvienhuyencuchi.com\/index.php?rest_route=\/wp\/v2\/pages\/81"}],"collection":[{"href":"https:\/\/pktanquy.benhvienhuyencuchi.com\/index.php?rest_route=\/wp\/v2\/pages"}],"about":[{"href":"https:\/\/pktanquy.benhvienhuyencuchi.com\/index.php?rest_route=\/wp\/v2\/types\/page"}],"author":[{"embeddable":true,"href":"https:\/\/pktanquy.benhvienhuyencuchi.com\/index.php?rest_route=\/wp\/v2\/users\/1"}],"replies":[{"embeddable":true,"href":"https:\/\/pktanquy.benhvienhuyencuchi.com\/index.php?rest_route=%2Fwp%2Fv2%2Fcomments&post=81"}],"version-history":[{"count":8,"href":"https:\/\/pktanquy.benhvienhuyencuchi.com\/index.php?rest_route=\/wp\/v2\/pages\/81\/revisions"}],"predecessor-version":[{"id":13223,"href":"https:\/\/pktanquy.benhvienhuyencuchi.com\/index.php?rest_route=\/wp\/v2\/pages\/81\/revisions\/13223"}],"wp:attachment":[{"href":"https:\/\/pktanquy.benhvienhuyencuchi.com\/index.php?rest_route=%2Fwp%2Fv2%2Fmedia&parent=81"}],"curies":[{"name":"wp","href":"https:\/\/api.w.org\/{rel}","templated":true}]}}